{"id":28,"date":"2021-11-19T00:37:46","date_gmt":"2021-11-19T00:37:46","guid":{"rendered":"http:\/\/jorgelibman.com.ar\/?page_id=28"},"modified":"2022-04-07T09:22:11","modified_gmt":"2022-04-07T09:22:11","slug":"docencia","status":"publish","type":"page","link":"https:\/\/jorgelibman.com.ar\/index.php\/cv\/docencia\/","title":{"rendered":"Docencia"},"content":{"rendered":"\r\n<p style=\"text-align: justify;\"><strong>Docencia Universitaria y de Posgrado<\/strong><\/p>\r\n\r\n\r\n\r\n<p style=\"text-align: justify;\">2008\/2020 \u2013 Docente y organizador del curso virtual: \u201cCl\u00ednica y evaluaci\u00f3n\u00a0psicodiagn\u00f3stica del Trauma Ps\u00edquico\u201d. EL CAMPO PSI (Educaci\u00f3n a distancia)<strong>\u00a0<\/strong><\/p>\r\n\r\n\r\n\r\n<p style=\"text-align: justify;\">2020 \u2013 Docente y organizador del curso virtual: \u201c\u00bfC\u00f3mo se trabaja en psicoterapia? . Enfoque Din\u00e1mico centrado en el paciente\u201d.<strong>\u00a0 <\/strong><\/p>\r\n\r\n\r\n\r\n<p style=\"text-align: justify;\">2019 \u2013 Docente y organizador del curso: \u201cDel Psicoan\u00e1lisis a la Psicoterapia Psicodin\u00e1mica. Un puente hacia un enfoque amplio, integrador y de intervenciones espec\u00edficas\u201d. Colegio de Psic\u00f3logos de Rosario (2da. Circunscripci\u00f3n).<strong>\u00a0\u00a0<\/strong><\/p>\r\n\r\n\r\n\r\n<p style=\"text-align: justify;\">2010 \u2013 Docente y co-organizador del curso: \u201cPsicoterapia Psicodin\u00e1mica. Un enfoque integrador, de intervenciones m\u00faltiples y centrado en el paciente\u201d. Secretar\u00eda de Extensi\u00f3n Universitaria \u2013 Facultad de Psicolog\u00eda (U.N.R.).<\/p>\r\n\r\n\r\n\r\n<p style=\"text-align: justify;\">2010 \u2013 Docente y organizador del curso: \u00a8Trastornos de la Personalidad. El eje de la cl\u00ednica acactual\u201d.\u00a0 Asoc. De Estudio e Investigaci\u00f3n en Psicodiagn\u00f3stico (A.D.E.I.P.) \u2013 Rosario.<\/p>\r\n\r\n\r\n\r\n<p style=\"text-align: justify;\">2010 \u2013 Docente y organizador del curso: \u00a8Cuestionarios de Millon para la evaluaci\u00f3n de los estilos y los trastornos de la personalidad: MIPS y MCMI-III\u201d.\u00a0 Asoc. De Estudio e Investigaci\u00f3n en Psicodiagn\u00f3stico (A.D.E.I.P.) \u2013 Rosario.<\/p>\r\n\r\n\r\n\r\n<p style=\"text-align: justify;\">2010 \u2013 Docente y organizador del curso: \u00a8Psicopatolog\u00eda de los Trastornos de la Personalidad\u201d Secretar\u00eda de Extensi\u00f3n Universitaria \u2013 Facultad de Psicolog\u00eda (U.N.R.).\u00a0<\/p>\r\n\r\n\r\n\r\n<p style=\"text-align: justify;\">2000\/2009 \u2013 Jefe de Trabajos Pr\u00e1cticos. C\u00e1tedra de Psicopatolog\u00eda. Facultad de Psicolog\u00eda de la Universidad de Belgrano (U.B.).\u00a0<\/p>\r\n\r\n\r\n\r\n<p style=\"text-align: justify;\">2008 \u2013 Docente y organizador del curso sobre el Inventario Cl\u00ednico Multiaxial de Millon III\u00a0(MCMI-III).\u00a0Asoc. De Estudio e Investigaci\u00f3n en Psicodiagn\u00f3stico (A.D.E.I.P.) \u2013 Rosario.<\/p>\r\n\r\n\r\n\r\n<p style=\"text-align: justify;\">2007 \u2013 Docente y organizador del curso: \u201cPsicodiagn\u00f3stico del Trauma Ps\u00edquico\u201d \u2013\u00a0Asociaci\u00f3n de Rorschach de Rosario.\u00a0<\/p>\r\n\r\n\r\n\r\n<p style=\"text-align: justify;\">2006 \u2013 Docente y co-organizador del curso de posgrado: \u201cActualizaci\u00f3n Te\u00f3rico-Pr\u00e1ctica\u00a0sobre \u00a0Estr\u00e9s, Trauma e Intervenci\u00f3n en Desastres\u201d. Organizado por: Cap\u00edtulo de Estr\u00e9s y Trauma de la Asociaci\u00f3n Argentina de Salud\u00a0Mental (AASM) y por el Instituto Estr\u00e9s Trauma Buenos Aires (IETBA).\u00a0<\/p>\r\n\r\n\r\n\r\n<p style=\"text-align: justify;\">2006 \u2013 Docente y organizador del curso sobre el Inventario Cl\u00ednico Multiaxial de Millon II\u00a0(MCMI-II).\u00a0Asoc. De Estudio e Investigaci\u00f3n en Psicodiagn\u00f3stico (A.D.E.I.P.) \u2013 Rosario.<\/p>\r\n\r\n\r\n\r\n<p style=\"text-align: justify;\">2006 \u2013 Docente y organizador del curso: \u201cDiagn\u00f3stico del Trastorno Borderline\u201d \u2013\u00a0Asociaci\u00f3n de Rorschach de Rosario.\u00a0<\/p>\r\n\r\n\r\n\r\n<p style=\"text-align: justify;\">2006 \u2013 Docente y organizador del curso: \u201cPsicodiagn\u00f3stico del Trauma Ps\u00edquico\u201d Asociaci\u00f3n de Rorschach de Rosario.\u00a0<\/p>\r\n\r\n\r\n\r\n<p style=\"text-align: justify;\">2006 \u2013 Docente del curso de extensi\u00f3n: \u201cPsicopatolog\u00eda: Cl\u00ednica de los Bordes\u201d \u2013\u00a0Ateneo de Estudios Psicoanal\u00edticos (ADEP) \u2013 Rosario.\u00a0<\/p>\r\n\r\n\r\n\r\n<p style=\"text-align: justify;\">2005 \u2013 Docente y organizador del curso: \u201cEl cuestionario de Millon (MCMI-II) y la pr\u00e1ctica\u00a0Cl\u00ednica\u201d\u00a0Asoc. De Estudio e Investigaci\u00f3n en Psicodiagn\u00f3stico (A.D.E.I.P.) \u2013 Rosario.<\/p>\r\n\r\n\r\n\r\n<p style=\"text-align: justify;\">2005 \u2013 Docente y organizador del curso: \u201cDiagn\u00f3stico del Trastorno Borderline\u201d \u2013\u00a0Asociaci\u00f3n de Rorschach de Rosario.\u00a0<\/p>\r\n\r\n\r\n\r\n<p style=\"text-align: justify;\">2005 \u2013 Docente y organizador del curso: \u201cPsicodiagn\u00f3stico del Trauma Ps\u00edquico\u201d \u2013\u00a0Asociaci\u00f3n de Rorschach de Rosario.\u00a0<\/p>\r\n\r\n\r\n\r\n<p style=\"text-align: justify;\">2004 \u2013 Docente del curso: \u201cPersonalidad y Trastornos de la Personalidad\u201d \u2013\u00a0Organizado por Confluencia y Sociedad de Psiquiatr\u00eda y Psicolog\u00eda M\u00e9dica de Necochea\u00a0<\/p>\r\n\r\n\r\n\r\n<p style=\"text-align: justify;\">2004 \u2013 Docente del curso de extensi\u00f3n: \u201cLa Problem\u00e1tica Borderline: diagn\u00f3stico y abordaje\u201d \u2013\u00a0\u00a0Ateneo de Estudios Psicoanal\u00edticos (ADEP) \u2013 Rosario.<\/p>\r\n\r\n\r\n\r\n<p style=\"text-align: justify;\">2003 \u2013 Docente del curso: \u201cPersonalidad y Trastornos de la Personalidad\u201d \u2013\u00a0\u00a0Organizado por Confluencia y Sociedad de Psiquiatr\u00eda y Psicolog\u00eda M\u00e9dica de Necochea<\/p>\r\n\r\n\r\n\r\n<p style=\"text-align: justify;\">2003 \u2013 Docente y organizador del \u201cCurso Introductorio sobre Des\u00f3rdenes de la Personalidad\u201d \u2013\u00a0 Asoc. De Estudio e Investigaci\u00f3n en Psicodiagn\u00f3stico (A.D.E.I.P.) \u2013 C.A.B.A-<\/p>\r\n\r\n\r\n\r\n<p style=\"text-align: justify;\">2003 \u2013 Docente del \u201cCurso Te\u00f3rico Cl\u00ednico de Postgrado: Borderline. Etiolog\u00eda, Cl\u00ednica y Tratamiento\u201d. Organizado por Cap\u00edtulo de Personalidad de A.P.S.A.\u00a0<\/p>\r\n\r\n\r\n\r\n<p style=\"text-align: justify;\">2002 \u2013 Docente y organizador del \u201cCurso Introductorio sobre Des\u00f3rdenes de la Personalidad\u201d \u2013\u00a0 Asoc. De Estudio e Investigaci\u00f3n en Psicodiagn\u00f3stico (A.D.E.I.P.) \u2013 Rosario.\u00a0\u00a0<\/p>\r\n\r\n\r\n\r\n<p style=\"text-align: justify;\">2001 \u2013 Docente en el XII Curso Anual de Postgrado Te\u00f3rico Pr\u00e1ctico Psicosom\u00e1tica<\/p>\r\n\r\n\r\n\r\n<p style=\"text-align: justify;\">2001 \u2013 Equipo de Psicosom\u00e1tica del Hospital Alvarez<\/p>\r\n\r\n\r\n\r\n<p style=\"text-align: justify;\">2000 \u2013 Docente del Curso Anual \u201cDesordenes de la Personalidad\u201d. Tema: \u201cDesarrollo Ps\u00edquico Temprano y Des\u00f3rdenes de la Personalidad\u201d. Organizado por la Asociaci\u00f3n de Psiquiatr\u00eda de Rosario y el Cap\u00edtulo de Personalidad de A.P.S.A. \u2013\u00a0 A.P.R.<\/p>\r\n\r\n\r\n\r\n<p style=\"text-align: justify;\">1999 \u2013 Docente invitado por la c\u00e1tedra de Psiquiatr\u00eda de la Facultad de Medicina U.B.A. \u2013\u00a0U.D.H: Hospital Alvarez<\/p>\r\n\r\n\r\n\r\n<p style=\"text-align: justify;\">1999 \u2013 Docente en el XI Curso Anual de Postgrado Te\u00f3rico Pr\u00e1ctico\u00a0 Psicosom\u00e1tica<\/p>\r\n\r\n\r\n\r\n<p style=\"text-align: justify;\">1999 \u2013Equipo de Psicosom\u00e1tica del Hospital Alvarez\u00a0\u00a0\u00a0<\/p>\r\n\r\n\r\n\r\n<p style=\"text-align: justify;\">1996 \u2013 Colaborador docente en la pasant\u00eda \u201cCl\u00ednica de la Urgencia\u201d Facultad de Psicolog\u00eda de la U.B.A.<\/p>\r\n\r\n\r\n\r\n<p style=\"text-align: justify;\">1996 \u2013 Colaborador docente en la pasant\u00eda \u201cPr\u00e1ctica Cl\u00ednica: Un acercamiento a la experiencia\u201d Facultad de Psicolog\u00eda de la U.B.A.<\/p>\r\n\r\n\r\n\r\n<p style=\"text-align: justify;\">1994 \u2013 Jefe de Trabajos Pr\u00e1cticos en c\u00e1tedra \u201cEstructura Psicol\u00f3gica Individual del Sujeto III\u201d\u00a0 Facultad de Psicolog\u00eda de la U.N.R.<\/p>\r\n\r\n\r\n\r\n<p style=\"text-align: justify;\">1994 \u2013 Ayudante de 1ra. en c\u00e1tedra \u201cPsicolog\u00eda Cl\u00ednica I \u2018B\u2019 \u201d Facultad de Psicolog\u00eda de la U.N.R.<\/p>\r\n\r\n\r\n\r\n<p style=\"text-align: justify;\">1993 \u2013 Ayudante de 2da. en c\u00e1tedra \u201cPsicolog\u00eda Cl\u00ednica I \u2018B\u2019 \u201d Facultad de Psicolog\u00eda de la U.N.R.<\/p>\r\n\r\n\r\n\r\n<p style=\"text-align: justify;\">1992\/1994 \u2013 Ayudante de 2da. en la c\u00e1tedra \u201cEstructura Psicol\u00f3gica Individual del Sujeto III\u201d\u00a0Facultad de Psicolog\u00eda de la U.N.R.<\/p>\r\n","protected":false},"excerpt":{"rendered":"<p>Docencia Universitaria y de Posgrado 2008\/2020 \u2013 Docente y organizador del curso virtual: \u201cCl\u00ednica y evaluaci\u00f3n\u00a0psicodiagn\u00f3stica del Trauma Ps\u00edquico\u201d. EL CAMPO PSI (Educaci\u00f3n a distancia)\u00a0 2020 \u2013 Docente y organizador del curso virtual: \u201c\u00bfC\u00f3mo se trabaja en psicoterapia? . Enfoque Din\u00e1mico centrado en el paciente\u201d.\u00a0 2019 \u2013 Docente y organizador del curso: \u201cDel Psicoan\u00e1lisis a [&hellip;]<\/p>\n","protected":false},"author":1,"featured_media":137,"parent":23,"menu_order":0,"comment_status":"closed","ping_status":"closed","template":"","meta":{"footnotes":""},"class_list":["post-28","page","type-page","status-publish","has-post-thumbnail","hentry"],"_links":{"self":[{"href":"https:\/\/jorgelibman.com.ar\/index.php\/wp-json\/wp\/v2\/pages\/28","targetHints":{"allow":["GET"]}}],"collection":[{"href":"https:\/\/jorgelibman.com.ar\/index.php\/wp-json\/wp\/v2\/pages"}],"about":[{"href":"https:\/\/jorgelibman.com.ar\/index.php\/wp-json\/wp\/v2\/types\/page"}],"author":[{"embeddable":true,"href":"https:\/\/jorgelibman.com.ar\/index.php\/wp-json\/wp\/v2\/users\/1"}],"replies":[{"embeddable":true,"href":"https:\/\/jorgelibman.com.ar\/index.php\/wp-json\/wp\/v2\/comments?post=28"}],"version-history":[{"count":6,"href":"https:\/\/jorgelibman.com.ar\/index.php\/wp-json\/wp\/v2\/pages\/28\/revisions"}],"predecessor-version":[{"id":373,"href":"https:\/\/jorgelibman.com.ar\/index.php\/wp-json\/wp\/v2\/pages\/28\/revisions\/373"}],"up":[{"embeddable":true,"href":"https:\/\/jorgelibman.com.ar\/index.php\/wp-json\/wp\/v2\/pages\/23"}],"wp:featuredmedia":[{"embeddable":true,"href":"https:\/\/jorgelibman.com.ar\/index.php\/wp-json\/wp\/v2\/media\/137"}],"wp:attachment":[{"href":"https:\/\/jorgelibman.com.ar\/index.php\/wp-json\/wp\/v2\/media?parent=28"}],"curies":[{"name":"wp","href":"https:\/\/api.w.org\/{rel}","templated":true}]}}